uppose -36*b = -k*b. Determine f(b).
9
Let n(b) = -4*b - 3. Suppose 266 = -3*d - 5*z, -5*d - 354 - 156 = -5*z. Let w = 56 - 151. Let i = d - w. What is n(i)?
5
Let t be (24/18)/(2/6). Let b be (-1)/(-2)*3*546/63. Let z(p) = -4 - b*p**2 + 26*p**2 - 3*p - 12*p**2. Determine z(t).
0
Let j(x) = 8*x - 2*x**2 + 16 - x**3 - 34 + 2*x + 14 + 11. Calculate j(-4).
-1
Suppose 3*y + 14*o + 28 = 16*o, -2*y = -2*o + 22. Let k = 3 + 0. Let j(x) = x**k - 2*x**3 + 2*x**3 - 6 + 6*x**2. Calculate j(y).
-6
Let y(w) be the first derivative of 3*w**2/2 + 2*w + 266. What is y(4)?
14
Let i(p) = 25 - 6*p - 10 + p**2 - 53. Calculate i(8).
-22
Let k(g) = 29771 + 34*g + 2*g**2 - 59563 + 29766. Determine k(-18).
10
Let v(j) be the third derivative of -j**5/30 + 29*j**4/24 + 7*j**3/6 + 715*j**2. Calculate v(15).
-8
Let q = -565 - -564. Let a(b) = 2*b**3 + 2*b**2 + 15*b + 13. Let p be a(q). Let m(o) = -11*o - 2. Give m(p).
20
Let t(f) = -6*f**2 - 9*f**2 + 4*f**2 + 4*f + 0*f**2 + 1 - 5. Determine t(2).
-40
Let h(f) = 5*f + 24. Let w be h(-5). Let m(k) be the third derivative of 3*k**6/10 - k**5/60 + k**3/6 + 135*k**2. What is m(w)?
-36
Let w(m) = -m**3 - 20*m**2 - 43*m - 26. Let s be w(-16). Let o = 359 + s. Let v(a) = 4*a + 5. What is v(o)?
-7
Suppose 0 = -6*s + 2*s + 24. Let n(a) be the second derivative of a**4/12 - 2*a**3/3 - 3*a**2 + a. Give n(s).
6
Let l(h) = -6*h**2 - h + 1. Let o(b) = -13*b**2 + 3*b + 19. Let z(p) = 2*l(p) - o(p). Determine z(-5).
33
Let v(m) = 130*m + 2068. Let t be v(-16). Let q(w) = -w**2 - 6*w + 53. What is q(t)?
-19
Let m(u) = -54*u**3 + 28*u**3 - 3*u**2 - 38*u - 25 - 4*u**2 + 28*u**3. Let f(s) = -s**3 + 3*s**2 + 20*s + 13. Let d(j) = -5*f(j) - 3*m(j). Calculate d(8).
-6
Suppose -259*p = -260*p + 808. Let w = p + -804. Let r(o) = -o**3 + 6*o**2 - 10*o. What is r(w)?
-8
Let u be 28/(-49) + 1313/(-91). Let c(p) = p**3 + 14*p**2 - 11*p + 31. Give c(u).
-29
Let x be 5 + 2 + (2 - (2 - 1)). Let z(g) = -x*g + 7 + 1 + 2*g**2 + 0*g**3 + 6*g**2 - g**3. What is z(7)?
1
Let g(f) = -f**2 - f - 2. Suppose 4*q = -4*t + 4, -42*q - 3*t + 15 = -45*q. Calculate g(q).
-4
Suppose 3*d - 3 = 0, 3*q + 7 = 5*d + 29. Let m be ((-51)/9)/(((-9)/3)/q). Let z(c) = -4*c - 7*c**2 + m*c**2 - 11*c**2. Calculate z(-5).
-5
Let b be (5/2)/(10/20). Let y = 57 + -55. Let x(v) = 5 + 10*v**y + 0*v - 16*v**2 + v**3 + 2*v + 1. What is x(b)?
-9
Let k(r) be the second derivative of 11*r**3/6 + 19*r**2/2 - 48*r. Let p(t) = 4*t + 6. Let o(n) = -3*k(n) + 8*p(n). Determine o(-7).
-2
Let j = -4392 - -4425. Let k(s) = -4*s + 125. What is k(j)?
-7
Suppose -2*y = -6, 3*y = -5*g + 2*g + 3. Let v(i) = 4*i**2 + 6. Let a(o) = -o**2 - 1. Suppose 10*f = -142 + 22. Let z(c) = f*a(c) - 2*v(c). Calculate z(g).
16
Let g(a) = -a**2 - 5*a - 5. Let t be (16 - 13) + ((-1)/(-1) - 2). Let m be -12 + 13 + (t - 9). What is g(m)?
-11
Let c(w) = 4*w**3 - 6*w**2 - 2*w + 4. Let v(x) = 5*x**3 - 5*x**2 - 2*x + 4. Suppose 5*b + 5*r = 7*b + 6, 3*r = b + 3. Let i(l) = b*v(l) + 4*c(l). What is i(9)?
-14
Let g(i) be the third derivative of -83*i**2 + 0 + 0*i - 1/60*i**5 + 5/3*i**3 - 1/120*i**6 + 0*i**4. What is g(0)?
10
Let d(i) = 21*i**2 - 17*i. Let k(q) be the third derivative of -11*q**5/60 + 5*q**4/12 + 3*q**2. Let n(z) = 3*d(z) + 5*k(z). Calculate n(1).
7
Let v(p) = 4*p + 9. Let u be (8/(-8))/(((-12)/6)/6). Give v(u).
21
Let c(l) = l**2 + 14*l + 13. Let r be c(-13). Let f(g) = -g**2 - g**2 - g + g**3 + 7*g**2 + r*g**3 - 3 - 2*g**3. Determine f(5).
-8
Let r(x) = -4*x - 1. Let l(w) = 4*w + 83. Let z be l(-29). Let v = z - -32. Determine r(v).
3
Let t(n) = -3*n + 4*n + 0*n + 3*n + 2. Let p = -3417 - -3413. Calculate t(p).
-14
Let h(k) = k + 5. Suppose -12 = 6*a - 9*a. Suppose -4*p - 1 = -4*r - 5, 4*r + 4 = -a*p. Calculate h(p).
5
Let k(v) be the first derivative of 0*v + 1/120*v**5 - v**3 - 9 + 0*v**2 + 5/8*v**4. Let o(t) be the third derivative of k(t). Give o(-8).
7
Let j(z) = z**2 - 4*z + 6. Let m be j(2). Suppose -2*y - 26 = -5*g, 3*g + m*y + 2*y = 26. Let u(v) = 18 - 7 + v**2 - 7*v - 16 + 0*v**2. Determine u(g).
-11
Let b(k) = -2*k**2 + 12*k - 17. Suppose -5 = -4*h - 19*o + 14*o, 2*h + 2 = -4*o. Determine b(h).
-7
Suppose 4*u - 4*f = 0, 5*u + 0*f = 4*f + 4. Let z be u/10 + 230/50. Let r(x) = x**2 + z + x + x - 8*x - 2*x**2. Calculate r(-7).
-2
Let f(j) be the second derivative of -j - 3/2*j**3 + 0 + 1/12*j**4 - 2*j**2. Suppose -35664*z = n - 35661*z - 66, 4*n - 2*z + 2 = 0. Give f(n).
-4
Suppose 0 = -10*o + 4*i - 3*i - 29, 2*i = -2. Let s(d) = 20*d + 50. What is s(o)?
-10
Let j(h) be the first derivative of -7*h**4/24 - h**3/2 + 49*h**2/2 - 59. Let l(g) be the second derivative of j(g). Determine l(-2).
11
Let n(o) = o**2 - 7*o + 5. Let x(v) be the second derivative of -v**4/6 + 41*v**3/6 - 7*v**2 + 89*v. Let u be x(20). Calculate n(u).
-1
Let m(f) be the first derivative of -f**3/3 - 33*f**2/2 - 252*f - 1642. Calculate m(-20).
8
Let b(h) = 2*h**2 + h - 1. Suppose 163*u - 168*u = 75. Let z be (18 + u)*1/3 - -1. Give b(z).
9
Let u be 2/(-13) + (-9)/(936/(-16)). Suppose 4*c - 5*g + 24 = u, -5*c = -c + g + 48. Let n(p) = -p**3 - 12*p**2 - 9*p + 27. Calculate n(c).
5
Let b(i) = -11*i**3 - 10*i**2 - 16*i + 17. Let l(u) = -4*u**3 - u. Let v(y) = -b(y) + 3*l(y). Calculate v(11).
5
Let z(m) = -5*m**2 - 2*m - 474 + 477 + 6*m**3 - 5*m**3. Suppose 10 = 5*p - 10. Let l(x) = -x**3 + 5*x**2 + 2*x - 2. Let n(k) = p*l(k) + 5*z(k). What is n(5)?
-3
Let b(s) = -126*s**2 + 2*s - 39. Let a(g) = -128*g**2 + 4*g - 27. Let d(m) = 4*a(m) - 3*b(m). Give d(-1).
-135
Suppose -43*b + 7*b + 3253 = 1561. Let y(o) = o**3 - 47*o**2 - 6*o + 280. Determine y(b).
-2
Let z(l) = l**2 + 14*l + 7. Let h(r) = 12*r**3 + 74*r**2 + 14*r + 6. Let u be h(-6). What is z(u)?
-41
Suppose -q = -2*q - 2, -2*i - 4*q = -14. Let t(g) = -g + 13. Let s be t(i). Let p(n) = -2*n**2 + 2. Calculate p(s).
-6
Let n(o) be the third derivative of -13*o**4/24 - 63*o**3/2 - 86*o**2 - 2. Calculate n(-14).
-7
Suppose 3*k = 5 + 1, 23 = 3*a - 2*k. Let z(i) be the first derivative of -i**4/4 + 8*i**3/3 + 6*i**2 - 13*i + 106. Calculate z(a).
14
Let g be (-3)/((-69)/(-30) + -2). Let d(l) be the third derivative of -l**5/60 - l**4/3 + 7*l**3/3 + 175*l**2 - l + 1. Give d(g).
-6
Let v(k) = 3*k**3 + 15*k**2 - k - 5. Let j(m) = -4*m**3 - 13*m**2 + 2*m + 6. Let f(z) = 2*j(z) + 3*v(z). Calculate f(-19).
-22
Let c(z) be the first derivative of -z**4/2 - z**3/3 + z**2/2 - 97*z - 1546. Calculate c(0).
-97
Let b be ((-201)/469 - (-123)/(-7))/(-2). Let o(w) be the third derivative of 1/8*w**4 + 0 + 1/6*w**3 + 0*w - b*w**2. Calculate o(-1).
-2
Let w(z) be the first derivative of 2/3*z**3 + 69 - 1/4*z**4 - z**2 + z. Determine w(1).
0
Let g be (12/10)/(9/(-30)). Let o = -13 + 15. Let a(d) = 0*d**o - 3*d**3 + 3 - 5*d**2 + 2*d**3. What is a(g)?
-13
Let u(l) be the second derivative of -l**5/20 - 2*l**4/3 - l**3 + 4*l**2 + 55*l. Determine u(-7).
1
Let b(a) = a + 10. Let z be b(-6). Let t(m) = -m. Let n(h) = -44 - h**3 + 95 + 4*h**2 - 3*h - 48. Let s(i) = -n(i) + 2*t(i). What is s(z)?
1
Let t(x) = -28*x + 32. Let z(c) = -47*c + 63. Let v(u) = -5*t(u) + 3*z(u). Determine v(27).
2
Let p(d) = d**2 + 10*d - 30. Let g(c) = c**2 + 11*c - 31. Let m(o) = 3*g(o) - 4*p(o). Give m(-11).
-17
Let m(v) be the first derivative of -2*v**3/3 - 9*v**2/2 - 14*v + 601. Give m(-5).
-19
Let y(s) = -35*s - 3. Let i(v) = 3*v**2 - 38*v - 337. Let l be i(-6). Calculate y(l).
32
Let d(p) = -2*p + 4. Let t(b) = -3*b + 8. Let w(j) = -5*d(j) + 3*t(j). Let n(y) = y + 3. Let l(r) = 4*n(r) - 3*w(r). Suppose 14 - 46 = 8*g. Give l(g).
-4
Suppose -188*n = -373*n - 1665. Let a(j) = 6*j + 67. Give a(n).
13
Let n(t) = -36*t - 5. Let o be 11/13 + -1 + 234/1521. Give n(o).
-5
Let n(v) be the third derivative of v**6/120 - v**5/15 + v**4/24 + 5*v**3/3 + 6*v**2 - 8. What is n(-2)?
-16
Let l(u) be the second derivative of -u**5/20 + 11*u**4/4 + 35*u**3/3 + 3*u**2 - 263*u. What is l(35)?
6
Let m(x) = -x**3 - 37*x**2 + 37*x - 34. Let w(a) = 68*a + 1050. Let r be w(-16). What is m(r)?
4
Suppose -6*j + 597 = 579. Suppose 2*f + 4*b + j = -7, -4*f - 20 = -b. Let n(g) = g + 13. Give n(f).
8
Let o(t) = -t**3 - 9*t**2 + 6*t - 25. Suppose -18*j - 9*q = -21*j - 99, -42 = 2*j - 3*q. What is o(j)?
-79
Suppose 8 = 4*y, -2*d - 4*y = y - 6. Let z be ((-5)/(9 - 4)